{"id":1483,"date":"2014-04-04T06:21:00","date_gmt":"2014-04-04T04:21:00","guid":{"rendered":"http:\/\/www.dustyroadblues.se\/?page_id=1483"},"modified":"2023-11-10T15:15:55","modified_gmt":"2023-11-10T13:15:55","slug":"bluesradio","status":"publish","type":"page","link":"http:\/\/www.dustyroadblues.se\/?page_id=1483","title":{"rendered":"Bluesradio"},"content":{"rendered":"<h2><a href=\"http:\/\/www.dustyroadblues.se\/wp-content\/uploads\/2019\/11\/Dusty_road_blues_pod_logo.png\"><img loading=\"lazy\" decoding=\"async\" class=\"alignnone size-medium wp-image-2736\" src=\"http:\/\/www.dustyroadblues.se\/wp-content\/uploads\/2019\/11\/Dusty_road_blues_pod_logo-300x300.png\" alt=\"\" width=\"300\" height=\"300\" srcset=\"http:\/\/www.dustyroadblues.se\/wp-content\/uploads\/2019\/11\/Dusty_road_blues_pod_logo-300x300.png 300w, http:\/\/www.dustyroadblues.se\/wp-content\/uploads\/2019\/11\/Dusty_road_blues_pod_logo-1024x1024.png 1024w, http:\/\/www.dustyroadblues.se\/wp-content\/uploads\/2019\/11\/Dusty_road_blues_pod_logo-150x150.png 150w, http:\/\/www.dustyroadblues.se\/wp-content\/uploads\/2019\/11\/Dusty_road_blues_pod_logo-768x768.png 768w, http:\/\/www.dustyroadblues.se\/wp-content\/uploads\/2019\/11\/Dusty_road_blues_pod_logo-1536x1536.png 1536w, http:\/\/www.dustyroadblues.se\/wp-content\/uploads\/2019\/11\/Dusty_road_blues_pod_logo-144x144.png 144w, http:\/\/www.dustyroadblues.se\/wp-content\/uploads\/2019\/11\/Dusty_road_blues_pod_logo.png 2000w\" sizes=\"auto, (max-width: 300px) 100vw, 300px\" \/><\/a><\/h2>\n<h2>Efter ett mycket l\u00e5ngt uppeh\u00e5ll s\u00e5 startade vi upp bluesradion igen den 6 november 2019. Vi skulle bara g\u00f6ra 10 program, nu har det blivit over 100 och vi har inga planer p\u00e5 att sluta.<\/h2>\n<h2>Kom g\u00e4rna med f\u00f6rslag p\u00e5 l\u00e5tar och artister. Ska det jammas n\u00e5gonstans eller kanske en spelning s\u00e5 kan vi ber\u00e4tta om det i radion. \u00c5 vi n\u00e5r ganska m\u00e5nga lyssnare.<\/h2>\n<figure class=\"wp-block-image\"><img loading=\"lazy\" decoding=\"async\" width=\"1024\" height=\"576\" class=\"wp-image-2517\" src=\"http:\/\/www.dustyroadblues.se\/wp-content\/uploads\/2019\/11\/20191107_155325-e1573161776187-1024x576.jpg\" sizes=\"auto, (max-width: 1024px) 100vw, 1024px\" srcset=\"http:\/\/www.dustyroadblues.se\/wp-content\/uploads\/2019\/11\/20191107_155325-e1573161776187-1024x576.jpg 1024w, http:\/\/www.dustyroadblues.se\/wp-content\/uploads\/2019\/11\/20191107_155325-e1573161776187-300x169.jpg 300w, http:\/\/www.dustyroadblues.se\/wp-content\/uploads\/2019\/11\/20191107_155325-e1573161776187-768x432.jpg 768w\" alt=\"\" \/>\n<figcaption>Jonny Bergman och Alexander Bj\u00f8rk<\/figcaption>\n<\/figure>\n<h2>Ni kan \u00e4ven lyssna p\u00e5 101,6 eller lyssna p\u00e5 webben.<\/h2>\n<h2>Onsdagar 19.30 till 20.00<br \/>Repris p\u00e5 torsdagar samma tid, samt p\u00e5 s\u00f6ndagar 10.30 till 11.00.<\/h2>\n<h2>Klicka p\u00e5 bilden nedan: \u00a0<\/h2>\n\n\n<figure class=\"wp-block-image size-large is-resized\"><a href=\"http:\/\/www.radiotidaholm.com\/\"><img loading=\"lazy\" decoding=\"async\" width=\"828\" height=\"382\" src=\"http:\/\/www.dustyroadblues.se\/wp-content\/uploads\/2020\/02\/Radio-Tidaholm.jpg\" alt=\"\" class=\"wp-image-2965\" srcset=\"http:\/\/www.dustyroadblues.se\/wp-content\/uploads\/2020\/02\/Radio-Tidaholm.jpg 828w, http:\/\/www.dustyroadblues.se\/wp-content\/uploads\/2020\/02\/Radio-Tidaholm-300x138.jpg 300w, http:\/\/www.dustyroadblues.se\/wp-content\/uploads\/2020\/02\/Radio-Tidaholm-768x354.jpg 768w\" sizes=\"auto, (max-width: 828px) 100vw, 828px\" \/><\/a><\/figure>\n\n\n\n<h2 class=\"wp-block-heading\">Ni kan ocks\u00e5 lyssna p\u00e5 v\u00e5r bluesradio som podcast. Alexander Bj\u00f8rk och Jonny Bergman i Dusty Road bluesradio har lagt upp alla avsnitten av radioprogrammet. Ocks\u00e5 alla efterf\u00f6ljande avsnitten kommer att publiceras p\u00e5 v\u00e5r podcast. Lyssna n\u00e4r du vill!  <\/h2>\n\n\n\n<figure class=\"wp-block-image size-large is-resized\"><a href=\"https:\/\/www.podcasts.com\/dusty-road-blues-f9d102986?fbclid=IwAR1kc8Ztrqk3xDkin2Fq3jQ6mO9xE8Z \"><img loading=\"lazy\" decoding=\"async\" width=\"300\" height=\"138\" src=\"http:\/\/www.dustyroadblues.se\/wp-content\/uploads\/2020\/02\/image.jpeg\" alt=\"Bilderesultater for podcasts.com logo\" class=\"wp-image-2960\"\/><\/a><\/figure>\n\n\n\n<h2 class=\"wp-block-heading\"><\/h2>\n\n\n\n<p><\/p>\n\n\n\n<p><\/p>\n\n\n\n<p><\/p>\n\n\n\n<h2 class=\"wp-block-heading\">F\u00f6lj Bluesradion p\u00e5 Facebook:  <\/h2>\n\n\n\n<figure class=\"wp-block-image size-large is-resized\"><a href=\"https:\/\/www.facebook.com\/Radio-Dusty-Road-Blues-104936244393855\/ \"><img loading=\"lazy\" decoding=\"async\" width=\"121\" height=\"121\" src=\"http:\/\/www.dustyroadblues.se\/wp-content\/uploads\/2020\/02\/image.png\" alt=\"Bilderesultat for facebook logo png\" class=\"wp-image-2954\"\/><\/a><\/figure>\n\n\n\n<p><\/p>\n<p><\/p>","protected":false},"excerpt":{"rendered":"<p>Efter ett mycket l\u00e5ngt uppeh\u00e5ll s\u00e5 startade vi upp bluesradion igen den 6 november 2019. Vi skulle bara g\u00f6ra 10 program, nu har det blivit over 100 och vi har inga planer p\u00e5 att sluta. Kom g\u00e4rna med f\u00f6rslag p\u00e5 &hellip; <a href=\"http:\/\/www.dustyroadblues.se\/?page_id=1483\">L\u00e4s mer <span class=\"meta-nav\">&rarr;<\/span><\/a><\/p>\n","protected":false},"author":6,"featured_media":0,"parent":0,"menu_order":0,"comment_status":"closed","ping_status":"open","template":"","meta":{"om_disable_all_campaigns":false,"_monsterinsights_skip_tracking":false,"_monsterinsights_sitenote_active":false,"_monsterinsights_sitenote_note":"","_monsterinsights_sitenote_category":0,"_uf_show_specific_survey":0,"_uf_disable_surveys":false,"footnotes":""},"class_list":["post-1483","page","type-page","status-publish","hentry"],"_links":{"self":[{"href":"http:\/\/www.dustyroadblues.se\/index.php?rest_route=\/wp\/v2\/pages\/1483","targetHints":{"allow":["GET"]}}],"collection":[{"href":"http:\/\/www.dustyroadblues.se\/index.php?rest_route=\/wp\/v2\/pages"}],"about":[{"href":"http:\/\/www.dustyroadblues.se\/index.php?rest_route=\/wp\/v2\/types\/page"}],"author":[{"embeddable":true,"href":"http:\/\/www.dustyroadblues.se\/index.php?rest_route=\/wp\/v2\/users\/6"}],"replies":[{"embeddable":true,"href":"http:\/\/www.dustyroadblues.se\/index.php?rest_route=%2Fwp%2Fv2%2Fcomments&post=1483"}],"version-history":[{"count":32,"href":"http:\/\/www.dustyroadblues.se\/index.php?rest_route=\/wp\/v2\/pages\/1483\/revisions"}],"predecessor-version":[{"id":5326,"href":"http:\/\/www.dustyroadblues.se\/index.php?rest_route=\/wp\/v2\/pages\/1483\/revisions\/5326"}],"wp:attachment":[{"href":"http:\/\/www.dustyroadblues.se\/index.php?rest_route=%2Fwp%2Fv2%2Fmedia&parent=1483"}],"curies":[{"name":"wp","href":"https:\/\/api.w.org\/{rel}","templated":true}]}}