{"id":5006,"date":"2023-03-25T14:46:53","date_gmt":"2023-03-25T12:46:53","guid":{"rendered":"http:\/\/www.dustyroadblues.se\/?page_id=5006"},"modified":"2023-04-19T22:57:08","modified_gmt":"2023-04-19T20:57:08","slug":"the-nick-bastard-quartet","status":"publish","type":"page","link":"http:\/\/www.dustyroadblues.se\/?page_id=5006","title":{"rendered":"The Nick Bastard Quartet"},"content":{"rendered":"\n<figure class=\"wp-block-image size-large\"><a href=\"http:\/\/www.dustyroadblues.se\/wp-content\/uploads\/2023\/03\/The-Nick-Bastard-Quartet.jpg\"><img loading=\"lazy\" decoding=\"async\" width=\"1024\" height=\"600\" src=\"http:\/\/www.dustyroadblues.se\/wp-content\/uploads\/2023\/03\/The-Nick-Bastard-Quartet-1024x600.jpg\" alt=\"\" class=\"wp-image-5007\" srcset=\"http:\/\/www.dustyroadblues.se\/wp-content\/uploads\/2023\/03\/The-Nick-Bastard-Quartet-1024x600.jpg 1024w, http:\/\/www.dustyroadblues.se\/wp-content\/uploads\/2023\/03\/The-Nick-Bastard-Quartet-300x176.jpg 300w, http:\/\/www.dustyroadblues.se\/wp-content\/uploads\/2023\/03\/The-Nick-Bastard-Quartet-768x450.jpg 768w, http:\/\/www.dustyroadblues.se\/wp-content\/uploads\/2023\/03\/The-Nick-Bastard-Quartet-1536x899.jpg 1536w, http:\/\/www.dustyroadblues.se\/wp-content\/uploads\/2023\/03\/The-Nick-Bastard-Quartet.jpg 2048w\" sizes=\"auto, (max-width: 1024px) 100vw, 1024px\" \/><\/a><\/figure>\n\n\n\n<h2 class=\"wp-block-heading\"><strong>Detta \u00e4r artisten som haft flest spelningar i Tidaholm i v\u00e5r regi.<\/strong><\/h2>\n\n\n\n<h2 class=\"wp-block-heading\">Det finns en stor fan klubb h\u00e4r. De kommer med sina svartvita svider och spelar var vi \u00e4n f\u00f6resl\u00e5r och \u00e4ven vid vilka tidpunkter som helst. I \u00e5r kommer de att finnas p\u00e5 scenen inne i festivalbyggnaden samt ute p\u00e5 stan p\u00e5 ett lastbilsflak och kanske n\u00e5gon annan stans som vi \u00e4nnu inte kommit p\u00e5. En sak som \u00e4r s\u00e4ker \u00e4r att de kommer att bjuda p\u00e5 rootsig blues, gospel, country &amp; boogie.\u2026 <\/h2>\n\n\n\n<h2 class=\"wp-block-heading\">Intimt och med stor publikkontakt.<\/h2>\n\n\n\n<ul class=\"wp-block-list\">\n<li><strong>Nick Bastard Quartet<\/strong><\/li>\n\n\n\n<li><strong>Nick Bastard aka Niklas B\u00f6rjesson &#8211; S\u00e5ng &amp; Gitarr<\/strong><\/li>\n\n\n\n<li><strong>Tony Ivarsson &#8211; Bas<\/strong><\/li>\n\n\n\n<li><strong>Peter Gustavsson &#8211; Gitarr<\/strong><\/li>\n\n\n\n<li><strong>Claes Sandell &#8211; Trummor<\/strong><\/li>\n<\/ul>\n\n\n\n<h2 class=\"wp-block-heading\"><a href=\"https:\/\/www.youtube.com\/watch?v=F0SCqGPm5Lw\" target=\"_blank\" rel=\"noreferrer noopener\">Video<\/a><\/h2>\n\n\n\n<h2 class=\"wp-block-heading\"><a href=\"http:\/\/www.dustyroadblues.se\/?page_id=3940\">Tillbaka till Program<\/a><\/h2>\n<p><\/p>","protected":false},"excerpt":{"rendered":"<p>Detta \u00e4r artisten som haft flest spelningar i Tidaholm i v\u00e5r regi. Det finns en stor fan klubb h\u00e4r. De kommer med sina svartvita svider och spelar var vi \u00e4n f\u00f6resl\u00e5r och \u00e4ven vid vilka tidpunkter som helst. I \u00e5r &hellip; <a href=\"http:\/\/www.dustyroadblues.se\/?page_id=5006\">L\u00e4s mer <span class=\"meta-nav\">&rarr;<\/span><\/a><\/p>\n","protected":false},"author":6,"featured_media":0,"parent":0,"menu_order":0,"comment_status":"closed","ping_status":"closed","template":"","meta":{"om_disable_all_campaigns":false,"_monsterinsights_skip_tracking":false,"_monsterinsights_sitenote_active":false,"_monsterinsights_sitenote_note":"","_monsterinsights_sitenote_category":0,"_uf_show_specific_survey":0,"_uf_disable_surveys":false,"footnotes":""},"class_list":["post-5006","page","type-page","status-publish","hentry"],"_links":{"self":[{"href":"http:\/\/www.dustyroadblues.se\/index.php?rest_route=\/wp\/v2\/pages\/5006","targetHints":{"allow":["GET"]}}],"collection":[{"href":"http:\/\/www.dustyroadblues.se\/index.php?rest_route=\/wp\/v2\/pages"}],"about":[{"href":"http:\/\/www.dustyroadblues.se\/index.php?rest_route=\/wp\/v2\/types\/page"}],"author":[{"embeddable":true,"href":"http:\/\/www.dustyroadblues.se\/index.php?rest_route=\/wp\/v2\/users\/6"}],"replies":[{"embeddable":true,"href":"http:\/\/www.dustyroadblues.se\/index.php?rest_route=%2Fwp%2Fv2%2Fcomments&post=5006"}],"version-history":[{"count":4,"href":"http:\/\/www.dustyroadblues.se\/index.php?rest_route=\/wp\/v2\/pages\/5006\/revisions"}],"predecessor-version":[{"id":5092,"href":"http:\/\/www.dustyroadblues.se\/index.php?rest_route=\/wp\/v2\/pages\/5006\/revisions\/5092"}],"wp:attachment":[{"href":"http:\/\/www.dustyroadblues.se\/index.php?rest_route=%2Fwp%2Fv2%2Fmedia&parent=5006"}],"curies":[{"name":"wp","href":"https:\/\/api.w.org\/{rel}","templated":true}]}}