{"id":6562,"date":"2025-03-20T23:54:49","date_gmt":"2025-03-20T21:54:49","guid":{"rendered":"https:\/\/www.dustyroadblues.se\/?page_id=6562"},"modified":"2025-04-21T11:51:08","modified_gmt":"2025-04-21T09:51:08","slug":"hem","status":"publish","type":"page","link":"http:\/\/www.dustyroadblues.se\/?page_id=6562","title":{"rendered":"HEM"},"content":{"rendered":"\n<figure class=\"wp-block-image size-large\"><a href=\"http:\/\/www.dustyroadblues.se\/wp-content\/uploads\/2025\/04\/Freddy-Nystrom-Band-Affisch-scaled.jpg\"><img loading=\"lazy\" decoding=\"async\" width=\"724\" height=\"1024\" src=\"http:\/\/www.dustyroadblues.se\/wp-content\/uploads\/2025\/04\/Freddy-Nystrom-Band-Affisch-724x1024.jpg\" alt=\"\" class=\"wp-image-6598\" srcset=\"http:\/\/www.dustyroadblues.se\/wp-content\/uploads\/2025\/04\/Freddy-Nystrom-Band-Affisch-724x1024.jpg 724w, http:\/\/www.dustyroadblues.se\/wp-content\/uploads\/2025\/04\/Freddy-Nystrom-Band-Affisch-212x300.jpg 212w, http:\/\/www.dustyroadblues.se\/wp-content\/uploads\/2025\/04\/Freddy-Nystrom-Band-Affisch-768x1086.jpg 768w, http:\/\/www.dustyroadblues.se\/wp-content\/uploads\/2025\/04\/Freddy-Nystrom-Band-Affisch-1086x1536.jpg 1086w, http:\/\/www.dustyroadblues.se\/wp-content\/uploads\/2025\/04\/Freddy-Nystrom-Band-Affisch-1448x2048.jpg 1448w, http:\/\/www.dustyroadblues.se\/wp-content\/uploads\/2025\/04\/Freddy-Nystrom-Band-Affisch-scaled.jpg 1810w\" sizes=\"auto, (max-width: 724px) 100vw, 724px\" \/><\/a><\/figure>\n\n\n\n<h2 class=\"wp-block-heading\"><a href=\"https:\/\/www.dustyroadblues.se\/?page_id=6439\">Mer info<\/a><\/h2>\n\n\n\n<p>________________________________________________________________________________________________________________<\/p>\n\n\n\n<figure class=\"wp-block-image\"><a href=\"http:\/\/www.dustyroadblues.se\/wp-content\/uploads\/2024\/01\/Collage-spelningar-varen-2025-scaled.jpg\"><img loading=\"lazy\" decoding=\"async\" width=\"1024\" height=\"879\" src=\"http:\/\/www.dustyroadblues.se\/wp-content\/uploads\/2024\/01\/Collage-spelningar-varen-2025-1024x879.jpg\" alt=\"\" class=\"wp-image-6468\" srcset=\"http:\/\/www.dustyroadblues.se\/wp-content\/uploads\/2024\/01\/Collage-spelningar-varen-2025-1024x879.jpg 1024w, http:\/\/www.dustyroadblues.se\/wp-content\/uploads\/2024\/01\/Collage-spelningar-varen-2025-300x258.jpg 300w, http:\/\/www.dustyroadblues.se\/wp-content\/uploads\/2024\/01\/Collage-spelningar-varen-2025-768x659.jpg 768w, http:\/\/www.dustyroadblues.se\/wp-content\/uploads\/2024\/01\/Collage-spelningar-varen-2025-1536x1319.jpg 1536w, http:\/\/www.dustyroadblues.se\/wp-content\/uploads\/2024\/01\/Collage-spelningar-varen-2025-2048x1758.jpg 2048w\" sizes=\"auto, (max-width: 1024px) 100vw, 1024px\" \/><\/a><\/figure>\n\n\n\n<h2 class=\"wp-block-heading\"><a href=\"https:\/\/www.dustyroadblues.se\/?page_id=6395\">Mer info<\/a><\/h2>\n\n\n\n<h2 class=\"wp-block-heading\">__________________________________________________________________________<\/h2>\n\n\n\n<figure class=\"wp-block-image\"><a href=\"http:\/\/www.dustyroadblues.se\/wp-content\/uploads\/2024\/02\/DRB-lang-logo-negativ-sv.jpg\"><img loading=\"lazy\" decoding=\"async\" width=\"906\" height=\"122\" src=\"http:\/\/www.dustyroadblues.se\/wp-content\/uploads\/2024\/02\/DRB-lang-logo-negativ-sv.jpg\" alt=\"\" class=\"wp-image-5486\" srcset=\"http:\/\/www.dustyroadblues.se\/wp-content\/uploads\/2024\/02\/DRB-lang-logo-negativ-sv.jpg 906w, http:\/\/www.dustyroadblues.se\/wp-content\/uploads\/2024\/02\/DRB-lang-logo-negativ-sv-300x40.jpg 300w, http:\/\/www.dustyroadblues.se\/wp-content\/uploads\/2024\/02\/DRB-lang-logo-negativ-sv-768x103.jpg 768w\" sizes=\"auto, (max-width: 906px) 100vw, 906px\" \/><\/a><\/figure>\n\n\n\n<h2 class=\"wp-block-heading\">Att bli medlem i Dusty Road Blues kostar 250 kr om \u00e5ret, och f\u00f6r de pengarna f\u00e5r du 50 kr rabatt p\u00e5 intr\u00e4det till v\u00e5ra spelningar i Tidaholm och Hjo (inte till Bluesfestivalen), och information i mail\/sms n\u00e4r det \u00e4r n\u00e5got p\u00e5 g\u00e5ng. Vi anordnar ca 8 spelningar och 4 JAM under ett \u00e5r vilket inneb\u00e4r att du kan tj\u00e4na in kostnaden f\u00f6r medlemskapet genom att komma p\u00e5 minst fem spelningar under \u00e5ret. Dessutom blir du inbjuden till en medlemsfest under \u00e5ret till ett starkt reducerat pris. Det viktigaste \u00e4r ju att du st\u00f6djer v\u00e5r verksamhet s\u00e5 att vi kan forts\u00e4tta att erbjuda ett intressant musikutbud \u00e4ven i forts\u00e4ttningen.<\/h2>\n\n\n\n<h1 class=\"wp-block-heading\">V\u00e4lkommen i f\u00f6reningen!<\/h1>\n\n\n\n<h2 class=\"wp-block-heading\"><strong><a href=\"https:\/\/docs.google.com\/forms\/d\/1g9vPBZc7cfV_uQeg1r_KbU9jJMXWWOvDUECPQxTfi00\/viewform?edit_requested=true\">Anm\u00e4lningsblankett till Dusty Road Blues<\/a><\/strong><\/h2>\n\n\n\n<h2 class=\"wp-block-heading\">Har du fr\u00e5gor, kontakta v\u00e5r kass\u00f6r Kjell-Olav Ravn:<br>kor@dustyroadblues.se<\/h2>\n\n\n\n<p>________________________________________________________________________________________________________________<\/p>\n\n\n\n<figure class=\"wp-block-image\"><a href=\"http:\/\/www.dustyroadblues.se\/wp-content\/uploads\/2024\/11\/Bla-starna-med-dato-och-arstal-2025.png\"><img loading=\"lazy\" decoding=\"async\" width=\"1024\" height=\"1024\" src=\"http:\/\/www.dustyroadblues.se\/wp-content\/uploads\/2024\/11\/Bla-starna-med-dato-och-arstal-2025-1024x1024.png\" alt=\"\" class=\"wp-image-6126\" srcset=\"http:\/\/www.dustyroadblues.se\/wp-content\/uploads\/2024\/11\/Bla-starna-med-dato-och-arstal-2025-1024x1024.png 1024w, http:\/\/www.dustyroadblues.se\/wp-content\/uploads\/2024\/11\/Bla-starna-med-dato-och-arstal-2025-300x300.png 300w, http:\/\/www.dustyroadblues.se\/wp-content\/uploads\/2024\/11\/Bla-starna-med-dato-och-arstal-2025-150x150.png 150w, http:\/\/www.dustyroadblues.se\/wp-content\/uploads\/2024\/11\/Bla-starna-med-dato-och-arstal-2025-768x768.png 768w, http:\/\/www.dustyroadblues.se\/wp-content\/uploads\/2024\/11\/Bla-starna-med-dato-och-arstal-2025-1536x1536.png 1536w, http:\/\/www.dustyroadblues.se\/wp-content\/uploads\/2024\/11\/Bla-starna-med-dato-och-arstal-2025-2048x2048.png 2048w, http:\/\/www.dustyroadblues.se\/wp-content\/uploads\/2024\/11\/Bla-starna-med-dato-och-arstal-2025-144x144.png 144w\" sizes=\"auto, (max-width: 1024px) 100vw, 1024px\" \/><\/a><\/figure>\n\n\n\n<h1 class=\"wp-block-heading\"><a href=\"https:\/\/www.dustyroadblues.se\/?page_id=6121\">Mer info<\/a><\/h1>\n\n\n\n<p>________________________________________________________________________________________________________________<\/p>\n\n\n\n<p>________________________________________________________________________________________________________________<\/p>\n\n\n\n<p>Publicerat i&nbsp;<a href=\"https:\/\/www.dustyroadblues.se\/?cat=8\">Arrangemang<\/a>&nbsp;|&nbsp;Kommentarer inaktiveradef\u00f6r HEM&nbsp;|&nbsp;<a href=\"https:\/\/www.dustyroadblues.se\/wp-admin\/post.php?post=5348&amp;action=edit\">Redigera<\/a><\/p>\n\n\n\n<ul class=\"wp-block-list\">\n<li>&nbsp;<\/li>\n\n\n\n<li>Arkiv\n<ul class=\"wp-block-list\">\n<li><a href=\"https:\/\/www.dustyroadblues.se\/?m=202401\">januari 2024<\/a><\/li>\n<\/ul>\n<\/li>\n\n\n\n<li>Meta\n<ul class=\"wp-block-list\">\n<li><a href=\"https:\/\/www.dustyroadblues.se\/wp-admin\/\">Webbplatsadministrat\u00f6r<\/a><\/li>\n\n\n\n<li><a href=\"https:\/\/www.dustyroadblues.se\/wp-login.php?action=logout&amp;_wpnonce=84aa553ee1\">Logga ut<\/a><\/li>\n<\/ul>\n<\/li>\n<\/ul>\n<p><\/p>","protected":false},"excerpt":{"rendered":"<p>Mer info ________________________________________________________________________________________________________________ Mer info __________________________________________________________________________ Att bli medlem i Dusty Road Blues kostar 250 kr om \u00e5ret, och f\u00f6r de pengarna f\u00e5r du 50 kr rabatt p\u00e5 intr\u00e4det till v\u00e5ra spelningar i Tidaholm och Hjo (inte till Bluesfestivalen), och &hellip; <a href=\"http:\/\/www.dustyroadblues.se\/?page_id=6562\">L\u00e4s mer <span class=\"meta-nav\">&rarr;<\/span><\/a><\/p>\n","protected":false},"author":6,"featured_media":0,"parent":0,"menu_order":0,"comment_status":"closed","ping_status":"closed","template":"","meta":{"om_disable_all_campaigns":false,"_monsterinsights_skip_tracking":false,"_monsterinsights_sitenote_active":false,"_monsterinsights_sitenote_note":"","_monsterinsights_sitenote_category":0,"_uf_show_specific_survey":0,"_uf_disable_surveys":false,"footnotes":""},"class_list":["post-6562","page","type-page","status-publish","hentry"],"_links":{"self":[{"href":"http:\/\/www.dustyroadblues.se\/index.php?rest_route=\/wp\/v2\/pages\/6562","targetHints":{"allow":["GET"]}}],"collection":[{"href":"http:\/\/www.dustyroadblues.se\/index.php?rest_route=\/wp\/v2\/pages"}],"about":[{"href":"http:\/\/www.dustyroadblues.se\/index.php?rest_route=\/wp\/v2\/types\/page"}],"author":[{"embeddable":true,"href":"http:\/\/www.dustyroadblues.se\/index.php?rest_route=\/wp\/v2\/users\/6"}],"replies":[{"embeddable":true,"href":"http:\/\/www.dustyroadblues.se\/index.php?rest_route=%2Fwp%2Fv2%2Fcomments&post=6562"}],"version-history":[{"count":2,"href":"http:\/\/www.dustyroadblues.se\/index.php?rest_route=\/wp\/v2\/pages\/6562\/revisions"}],"predecessor-version":[{"id":6599,"href":"http:\/\/www.dustyroadblues.se\/index.php?rest_route=\/wp\/v2\/pages\/6562\/revisions\/6599"}],"wp:attachment":[{"href":"http:\/\/www.dustyroadblues.se\/index.php?rest_route=%2Fwp%2Fv2%2Fmedia&parent=6562"}],"curies":[{"name":"wp","href":"https:\/\/api.w.org\/{rel}","templated":true}]}}