{"id":5612,"date":"2024-03-01T23:42:46","date_gmt":"2024-03-01T21:42:46","guid":{"rendered":"https:\/\/www.dustyroadblues.se\/?page_id=5612"},"modified":"2024-03-03T19:29:14","modified_gmt":"2024-03-03T17:29:14","slug":"music-jam-pa-festerian-10an-hjo","status":"publish","type":"page","link":"https:\/\/www.dustyroadblues.se\/?page_id=5612","title":{"rendered":"MUSIC JAM P\u00c5 FESTERIAN 10:AN, HJO"},"content":{"rendered":"\n<figure class=\"wp-block-image size-large is-resized\"><a href=\"http:\/\/www.dustyroadblues.se\/wp-content\/uploads\/2024\/01\/Jam-affisch-16-mars-2024-scaled.jpg\"><img loading=\"lazy\" decoding=\"async\" width=\"724\" height=\"1024\" src=\"http:\/\/www.dustyroadblues.se\/wp-content\/uploads\/2024\/01\/Jam-affisch-16-mars-2024-724x1024.jpg\" alt=\"\" class=\"wp-image-5608\" style=\"width:840px;height:auto\" srcset=\"https:\/\/www.dustyroadblues.se\/wp-content\/uploads\/2024\/01\/Jam-affisch-16-mars-2024-724x1024.jpg 724w, https:\/\/www.dustyroadblues.se\/wp-content\/uploads\/2024\/01\/Jam-affisch-16-mars-2024-212x300.jpg 212w, https:\/\/www.dustyroadblues.se\/wp-content\/uploads\/2024\/01\/Jam-affisch-16-mars-2024-768x1086.jpg 768w, https:\/\/www.dustyroadblues.se\/wp-content\/uploads\/2024\/01\/Jam-affisch-16-mars-2024-1086x1536.jpg 1086w, https:\/\/www.dustyroadblues.se\/wp-content\/uploads\/2024\/01\/Jam-affisch-16-mars-2024-1448x2048.jpg 1448w, https:\/\/www.dustyroadblues.se\/wp-content\/uploads\/2024\/01\/Jam-affisch-16-mars-2024-scaled.jpg 1810w\" sizes=\"auto, (max-width: 724px) 100vw, 724px\" \/><\/a><\/figure>\n\n\n\n<h1 class=\"wp-block-heading\"><strong>Nu \u00e4r det igen dags f\u00f6r Music Jam<\/strong><br>Lirar ni blues, rockabilly, country rock osv osv s\u00e5 \u00e4r scenen er.<br><\/h1>\n\n\n\n<h2 class=\"wp-block-heading\">Jammare, skriv g\u00e4rna in er p\u00e5 listan s\u00e5 blir logistiken enkel och bra:<br><a href=\"https:\/\/docs.google.com\/forms\/d\/1gapOdlzFhtuvQ-4wJtERzlcusdwCKcZT1BwSbE7CSqw\/viewform?edit_requested=true\" title=\"\">H\u00e4r anm\u00e4ler du dig till jammet<\/a><br><\/h2>\n\n\n\n<h1 class=\"wp-block-heading\"><strong>Jamledare \u00e4r Dan Skavhellen<\/strong><br><\/h1>\n\n\n\n<h2 class=\"wp-block-heading\"><strong>Grundband denna eftermiddag \u00e4r Mac Soul best\u00e5ende av:<\/strong><\/h2>\n\n\n\n<h2 class=\"wp-block-heading\"><br>Marcus Mikanovic \u2013 Gitarr &amp; S\u00e5ng<br>Bosse Jansson \u2013 Trummor<br>Mikael Holmstr\u00f6m \u2013 Gitarr<br>Dan Skavhellen \u2013 Bas<br>Anna Thunborg \u2013 S\u00e5ng<br>Otto Nygren \u2013 Klaviatur<\/h2>\n\n\n\n<h2 class=\"wp-block-heading\"><br><strong>V\u00e4lkomna ocks\u00e5 ni som vill lyssna p\u00e5 vad som kommer upp. F\u00f6rdriva eftermiddagen med n\u00e5gra timmar med musik, en matbit och n\u00e5got gott att dricka l\u00e5ter v\u00e4l som en trevlig eftermiddag, eller hur! <\/strong><\/h2>\n\n\n\n<h2 class=\"wp-block-heading\"><strong>Vi startar kl 14.00 och h\u00e5ller p\u00e5 till ca: 17.00<\/strong> (insl\u00e4pp kl 13.00)<\/h2>\n\n\n\n<h2 class=\"wp-block-heading\"><br><strong>FRITT INTR\u00c4DE F\u00d6R ALLA!<\/strong><br><\/h2>\n\n\n\n<h1 class=\"wp-block-heading\"><strong>V\u00e4lkomna till Festerian 10:an, d\u00e4r det finns god mat och dryck!<\/strong><\/h1>\n<p><\/p>","protected":false},"excerpt":{"rendered":"<p>Nu \u00e4r det igen dags f\u00f6r Music JamLirar ni blues, rockabilly, country rock osv osv s\u00e5 \u00e4r scenen er. Jammare, skriv g\u00e4rna in er p\u00e5 listan s\u00e5 blir logistiken enkel och bra:H\u00e4r anm\u00e4ler du dig till jammet Jamledare \u00e4r Dan &hellip; <a href=\"https:\/\/www.dustyroadblues.se\/?page_id=5612\">L\u00e4s mer <span class=\"meta-nav\">&rarr;<\/span><\/a><\/p>\n","protected":false},"author":6,"featured_media":0,"parent":0,"menu_order":0,"comment_status":"closed","ping_status":"closed","template":"","meta":{"om_disable_all_campaigns":false,"_monsterinsights_skip_tracking":false,"_monsterinsights_sitenote_active":false,"_monsterinsights_sitenote_note":"","_monsterinsights_sitenote_category":0,"_uf_show_specific_survey":0,"_uf_disable_surveys":false,"footnotes":""},"class_list":["post-5612","page","type-page","status-publish","hentry"],"_links":{"self":[{"href":"https:\/\/www.dustyroadblues.se\/index.php?rest_route=\/wp\/v2\/pages\/5612","targetHints":{"allow":["GET"]}}],"collection":[{"href":"https:\/\/www.dustyroadblues.se\/index.php?rest_route=\/wp\/v2\/pages"}],"about":[{"href":"https:\/\/www.dustyroadblues.se\/index.php?rest_route=\/wp\/v2\/types\/page"}],"author":[{"embeddable":true,"href":"https:\/\/www.dustyroadblues.se\/index.php?rest_route=\/wp\/v2\/users\/6"}],"replies":[{"embeddable":true,"href":"https:\/\/www.dustyroadblues.se\/index.php?rest_route=%2Fwp%2Fv2%2Fcomments&post=5612"}],"version-history":[{"count":4,"href":"https:\/\/www.dustyroadblues.se\/index.php?rest_route=\/wp\/v2\/pages\/5612\/revisions"}],"predecessor-version":[{"id":5639,"href":"https:\/\/www.dustyroadblues.se\/index.php?rest_route=\/wp\/v2\/pages\/5612\/revisions\/5639"}],"wp:attachment":[{"href":"https:\/\/www.dustyroadblues.se\/index.php?rest_route=%2Fwp%2Fv2%2Fmedia&parent=5612"}],"curies":[{"name":"wp","href":"https:\/\/api.w.org\/{rel}","templated":true}]}}