{"id":6172,"date":"2024-11-25T16:05:56","date_gmt":"2024-11-25T14:05:56","guid":{"rendered":"https:\/\/www.dustyroadblues.se\/?page_id=6172"},"modified":"2025-01-12T18:35:08","modified_gmt":"2025-01-12T16:35:08","slug":"lassa-backa-blues-band","status":"publish","type":"page","link":"https:\/\/www.dustyroadblues.se\/?page_id=6172","title":{"rendered":"Lassa Backa Blues Band"},"content":{"rendered":"\n<figure class=\"wp-block-image size-full\"><a href=\"https:\/\/www.dustyroadblues.se\/wp-content\/uploads\/2024\/11\/1000009136.jpg\"><img loading=\"lazy\" decoding=\"async\" width=\"750\" height=\"468\" src=\"https:\/\/www.dustyroadblues.se\/wp-content\/uploads\/2024\/11\/1000009136.jpg\" alt=\"\" class=\"wp-image-6173\" srcset=\"https:\/\/www.dustyroadblues.se\/wp-content\/uploads\/2024\/11\/1000009136.jpg 750w, https:\/\/www.dustyroadblues.se\/wp-content\/uploads\/2024\/11\/1000009136-300x187.jpg 300w\" sizes=\"auto, (max-width: 750px) 100vw, 750px\" \/><\/a><\/figure>\n\n\n\n<h1 class=\"wp-block-heading\"><strong>Lassa Backa Blues Band spelar p\u00e5 La Famiglia, Tidaholm L\u00f6rdag 25 januari kl 15-17<\/strong><\/h1>\n\n\n\n<h1 class=\"wp-block-heading\"><strong>Bandet kommer fr\u00e5n Varberg och har i olika konstellationer verkat sen september 2019. Med sv\u00e4ngig Chicagoblues som grund bjuder dom p\u00e5 klassisk blues, men \u00e4ven lite annat, inklusive eget material. Dom tolkar g\u00e4rna starka kvinnor\u00f6ster som exempelvis Susan Tedeshi och Joanna Connor. <\/strong><\/h1>\n\n\n\n<h2 class=\"wp-block-heading has-large-font-size\">Medlemmar: <\/h2>\n\n\n\n<h2 class=\"wp-block-heading has-medium-font-size\">Jenny Knutsson &#8211; s\u00e5ng, gitarr <\/h2>\n\n\n\n<h2 class=\"wp-block-heading has-medium-font-size\">Felix B\u00f6rjesson &#8211; gitarr <\/h2>\n\n\n\n<h2 class=\"wp-block-heading has-medium-font-size\">Hjalmar Martin \u00c5hrman &#8211; trummor <\/h2>\n\n\n\n<h2 class=\"wp-block-heading has-medium-font-size\">Jimmie Gull &#8211; bas Lennart Boo &#8211; munspel, s\u00e5ng, keyboard.<\/h2>\n\n\n\n<ul class=\"has-large-font-size wp-block-list\"><\/ul>\n\n\n\n<h2 class=\"wp-block-heading has-large-font-size\">Intr\u00e4de 200 kr (medlemmar 150 kr)<\/h2>\n<p><\/p>","protected":false},"excerpt":{"rendered":"<p>Lassa Backa Blues Band spelar p\u00e5 La Famiglia, Tidaholm L\u00f6rdag 25 januari kl 15-17 Bandet kommer fr\u00e5n Varberg och har i olika konstellationer verkat sen september 2019. Med sv\u00e4ngig Chicagoblues som grund bjuder dom p\u00e5 klassisk blues, men \u00e4ven lite &hellip; <a href=\"https:\/\/www.dustyroadblues.se\/?page_id=6172\">L\u00e4s mer <span class=\"meta-nav\">&rarr;<\/span><\/a><\/p>\n","protected":false},"author":6,"featured_media":0,"parent":0,"menu_order":0,"comment_status":"closed","ping_status":"closed","template":"","meta":{"om_disable_all_campaigns":false,"_monsterinsights_skip_tracking":false,"_monsterinsights_sitenote_active":false,"_monsterinsights_sitenote_note":"","_monsterinsights_sitenote_category":0,"_uf_show_specific_survey":0,"_uf_disable_surveys":false,"footnotes":""},"class_list":["post-6172","page","type-page","status-publish","hentry"],"_links":{"self":[{"href":"https:\/\/www.dustyroadblues.se\/index.php?rest_route=\/wp\/v2\/pages\/6172","targetHints":{"allow":["GET"]}}],"collection":[{"href":"https:\/\/www.dustyroadblues.se\/index.php?rest_route=\/wp\/v2\/pages"}],"about":[{"href":"https:\/\/www.dustyroadblues.se\/index.php?rest_route=\/wp\/v2\/types\/page"}],"author":[{"embeddable":true,"href":"https:\/\/www.dustyroadblues.se\/index.php?rest_route=\/wp\/v2\/users\/6"}],"replies":[{"embeddable":true,"href":"https:\/\/www.dustyroadblues.se\/index.php?rest_route=%2Fwp%2Fv2%2Fcomments&post=6172"}],"version-history":[{"count":3,"href":"https:\/\/www.dustyroadblues.se\/index.php?rest_route=\/wp\/v2\/pages\/6172\/revisions"}],"predecessor-version":[{"id":6343,"href":"https:\/\/www.dustyroadblues.se\/index.php?rest_route=\/wp\/v2\/pages\/6172\/revisions\/6343"}],"wp:attachment":[{"href":"https:\/\/www.dustyroadblues.se\/index.php?rest_route=%2Fwp%2Fv2%2Fmedia&parent=6172"}],"curies":[{"name":"wp","href":"https:\/\/api.w.org\/{rel}","templated":true}]}}