{"id":6400,"date":"2025-01-27T19:25:47","date_gmt":"2025-01-27T17:25:47","guid":{"rendered":"https:\/\/www.dustyroadblues.se\/?page_id=6400"},"modified":"2025-03-19T13:24:35","modified_gmt":"2025-03-19T11:24:35","slug":"midnight-skinny-the-rusty-bees","status":"publish","type":"page","link":"https:\/\/www.dustyroadblues.se\/?page_id=6400","title":{"rendered":"Midnight Skinny &amp; The Rusty Bees"},"content":{"rendered":"\n<figure class=\"wp-block-image size-large\"><a href=\"https:\/\/www.dustyroadblues.se\/wp-content\/uploads\/2025\/01\/Skivomslag-MSTRB.jpg\"><img loading=\"lazy\" decoding=\"async\" width=\"1024\" height=\"1024\" src=\"https:\/\/www.dustyroadblues.se\/wp-content\/uploads\/2025\/01\/Skivomslag-MSTRB-1024x1024.jpg\" alt=\"\" class=\"wp-image-6402\" srcset=\"https:\/\/www.dustyroadblues.se\/wp-content\/uploads\/2025\/01\/Skivomslag-MSTRB-1024x1024.jpg 1024w, https:\/\/www.dustyroadblues.se\/wp-content\/uploads\/2025\/01\/Skivomslag-MSTRB-300x300.jpg 300w, https:\/\/www.dustyroadblues.se\/wp-content\/uploads\/2025\/01\/Skivomslag-MSTRB-150x150.jpg 150w, https:\/\/www.dustyroadblues.se\/wp-content\/uploads\/2025\/01\/Skivomslag-MSTRB-768x768.jpg 768w, https:\/\/www.dustyroadblues.se\/wp-content\/uploads\/2025\/01\/Skivomslag-MSTRB-144x144.jpg 144w, https:\/\/www.dustyroadblues.se\/wp-content\/uploads\/2025\/01\/Skivomslag-MSTRB.jpg 1400w\" sizes=\"auto, (max-width: 1024px) 100vw, 1024px\" \/><\/a><\/figure>\n\n\n\n<h1 class=\"wp-block-heading\"><strong>Midnight Skinny &amp; The Rusty Bees \u00e4r en gitarrorienterad bluestrio fr\u00e5n Katrineholm. Efter ett stort antal spelningar och lyckade bluesjam p\u00e5 Stockholms Bluespubar i Gamla Stan under 2023 s\u00e5 har bandet gjort sig ett namn inom Stockholms bluesscen. Bandet spelar b\u00e5de egenskrivna l\u00e5tar och bluesklassiker med fokus p\u00e5 sv\u00e4ng, autenticitet och k\u00e4rlek till Texasbluesen.<\/strong> <\/h1>\n\n\n\n<h2 class=\"wp-block-heading\">I december 2023 sl\u00e4ppte bandet sin egen full\u00e4ngdare \u201dSkinny by Midnight\u201d med 13 egenskrivna sp\u00e5r.<\/h2>\n\n\n\n<h2 class=\"wp-block-heading\"><strong>Bandet best\u00e5r av:<\/strong><\/h2>\n\n\n\n<h2 class=\"wp-block-heading\">Emil &#8221;Magic Bell&#8221; Bj\u00e4llerhag &#8211; Bas\/S\u00e5ng<\/h2>\n\n\n\n<h2 class=\"wp-block-heading\">Charlie &#8221;Midnight Skinny&#8221; Rangstedt &#8211; Gitarr (Nominerad till Bluespoddenpriset 2022 och 2023 inom kategorin \u00e5rets nykomling)<\/h2>\n\n\n\n<h2 class=\"wp-block-heading\">Thomas &#8221;Swingman&#8221; Lingman &#8211; Trummor (Bill \u00d6hrstr\u00f6m, Blue Solution, Williamson Bluesband\u2026 Nominerad till Bluespoddenpriset 2023 inom kategorin \u00e5rets trummis)<\/h2>\n\n\n\n<h2 class=\"wp-block-heading\"><a href=\"https:\/\/open.spotify.com\/album\/2RVFXBwMI6LIjoTJQuf9j3?si=e8qcSfqiTyKU5W0cp7X_Ug\">Spotify<\/a><\/h2>\n\n\n\n<h2 class=\"wp-block-heading\"><a href=\"https:\/\/www.youtube.com\/watch?v=ft3iQK4vRGQ&amp;list=PLOAUQxYLXi7wuQb0hyAguUggg7RvxdOX5\">Video<\/a><\/h2>\n<p><\/p>","protected":false},"excerpt":{"rendered":"<p>Midnight Skinny &amp; The Rusty Bees \u00e4r en gitarrorienterad bluestrio fr\u00e5n Katrineholm. Efter ett stort antal spelningar och lyckade bluesjam p\u00e5 Stockholms Bluespubar i Gamla Stan under 2023 s\u00e5 har bandet gjort sig ett namn inom Stockholms bluesscen. Bandet spelar &hellip; <a href=\"https:\/\/www.dustyroadblues.se\/?page_id=6400\">L\u00e4s mer <span class=\"meta-nav\">&rarr;<\/span><\/a><\/p>\n","protected":false},"author":6,"featured_media":0,"parent":0,"menu_order":0,"comment_status":"closed","ping_status":"closed","template":"","meta":{"om_disable_all_campaigns":false,"_monsterinsights_skip_tracking":false,"_monsterinsights_sitenote_active":false,"_monsterinsights_sitenote_note":"","_monsterinsights_sitenote_category":0,"_uf_show_specific_survey":0,"_uf_disable_surveys":false,"footnotes":""},"class_list":["post-6400","page","type-page","status-publish","hentry"],"_links":{"self":[{"href":"https:\/\/www.dustyroadblues.se\/index.php?rest_route=\/wp\/v2\/pages\/6400","targetHints":{"allow":["GET"]}}],"collection":[{"href":"https:\/\/www.dustyroadblues.se\/index.php?rest_route=\/wp\/v2\/pages"}],"about":[{"href":"https:\/\/www.dustyroadblues.se\/index.php?rest_route=\/wp\/v2\/types\/page"}],"author":[{"embeddable":true,"href":"https:\/\/www.dustyroadblues.se\/index.php?rest_route=\/wp\/v2\/users\/6"}],"replies":[{"embeddable":true,"href":"https:\/\/www.dustyroadblues.se\/index.php?rest_route=%2Fwp%2Fv2%2Fcomments&post=6400"}],"version-history":[{"count":3,"href":"https:\/\/www.dustyroadblues.se\/index.php?rest_route=\/wp\/v2\/pages\/6400\/revisions"}],"predecessor-version":[{"id":6545,"href":"https:\/\/www.dustyroadblues.se\/index.php?rest_route=\/wp\/v2\/pages\/6400\/revisions\/6545"}],"wp:attachment":[{"href":"https:\/\/www.dustyroadblues.se\/index.php?rest_route=%2Fwp%2Fv2%2Fmedia&parent=6400"}],"curies":[{"name":"wp","href":"https:\/\/api.w.org\/{rel}","templated":true}]}}