{"id":6554,"date":"2025-03-20T23:30:51","date_gmt":"2025-03-20T21:30:51","guid":{"rendered":"https:\/\/www.dustyroadblues.se\/?page_id=6554"},"modified":"2025-04-21T20:16:45","modified_gmt":"2025-04-21T18:16:45","slug":"taltplatser-inne-pa-festivalomradet","status":"publish","type":"page","link":"https:\/\/www.dustyroadblues.se\/?page_id=6554","title":{"rendered":"T\u00c4LTPLATSER INNE P\u00c5 FESTIVALOMR\u00c5DET"},"content":{"rendered":"\n<figure class=\"wp-block-image size-large\"><a href=\"https:\/\/www.dustyroadblues.se\/wp-content\/uploads\/2025\/03\/Talt.jpg\"><img loading=\"lazy\" decoding=\"async\" width=\"1024\" height=\"741\" src=\"https:\/\/www.dustyroadblues.se\/wp-content\/uploads\/2025\/03\/Talt-1024x741.jpg\" alt=\"\" class=\"wp-image-6555\" srcset=\"https:\/\/www.dustyroadblues.se\/wp-content\/uploads\/2025\/03\/Talt-1024x741.jpg 1024w, https:\/\/www.dustyroadblues.se\/wp-content\/uploads\/2025\/03\/Talt-300x217.jpg 300w, https:\/\/www.dustyroadblues.se\/wp-content\/uploads\/2025\/03\/Talt-768x556.jpg 768w, https:\/\/www.dustyroadblues.se\/wp-content\/uploads\/2025\/03\/Talt.jpg 1280w\" sizes=\"auto, (max-width: 1024px) 100vw, 1024px\" \/><\/a><\/figure>\n\n\n\n<h2 class=\"wp-block-heading\">Ett antal platser f\u00f6r t\u00e4lt finns tillg\u00e4ngligt under festivalen. 23 till 25 maj. Ankomst senast klockan 17.00 p\u00e5 fredagen. Anm\u00e4lan sker till mailadress <strong>taltplats@dystyroadblues.se<\/strong> 2 n\u00e4tter f\u00f6r 200kr. Hur ni betalar f\u00e5r ni i svarsmailet. V\u00e4lkomna till den n\u00e4rmaste campingen till den mysigaste bluesfestivalen.<\/h2>\n<p><\/p>","protected":false},"excerpt":{"rendered":"<p>Ett antal platser f\u00f6r t\u00e4lt finns tillg\u00e4ngligt under festivalen. 23 till 25 maj. Ankomst senast klockan 17.00 p\u00e5 fredagen. Anm\u00e4lan sker till mailadress taltplats@dystyroadblues.se 2 n\u00e4tter f\u00f6r 200kr. Hur ni betalar f\u00e5r ni i svarsmailet. V\u00e4lkomna till den n\u00e4rmaste campingen &hellip; <a href=\"https:\/\/www.dustyroadblues.se\/?page_id=6554\">L\u00e4s mer <span class=\"meta-nav\">&rarr;<\/span><\/a><\/p>\n","protected":false},"author":6,"featured_media":0,"parent":0,"menu_order":0,"comment_status":"closed","ping_status":"closed","template":"","meta":{"om_disable_all_campaigns":false,"_monsterinsights_skip_tracking":false,"_monsterinsights_sitenote_active":false,"_monsterinsights_sitenote_note":"","_monsterinsights_sitenote_category":0,"_uf_show_specific_survey":0,"_uf_disable_surveys":false,"footnotes":""},"class_list":["post-6554","page","type-page","status-publish","hentry"],"_links":{"self":[{"href":"https:\/\/www.dustyroadblues.se\/index.php?rest_route=\/wp\/v2\/pages\/6554","targetHints":{"allow":["GET"]}}],"collection":[{"href":"https:\/\/www.dustyroadblues.se\/index.php?rest_route=\/wp\/v2\/pages"}],"about":[{"href":"https:\/\/www.dustyroadblues.se\/index.php?rest_route=\/wp\/v2\/types\/page"}],"author":[{"embeddable":true,"href":"https:\/\/www.dustyroadblues.se\/index.php?rest_route=\/wp\/v2\/users\/6"}],"replies":[{"embeddable":true,"href":"https:\/\/www.dustyroadblues.se\/index.php?rest_route=%2Fwp%2Fv2%2Fcomments&post=6554"}],"version-history":[{"count":2,"href":"https:\/\/www.dustyroadblues.se\/index.php?rest_route=\/wp\/v2\/pages\/6554\/revisions"}],"predecessor-version":[{"id":6626,"href":"https:\/\/www.dustyroadblues.se\/index.php?rest_route=\/wp\/v2\/pages\/6554\/revisions\/6626"}],"wp:attachment":[{"href":"https:\/\/www.dustyroadblues.se\/index.php?rest_route=%2Fwp%2Fv2%2Fmedia&parent=6554"}],"curies":[{"name":"wp","href":"https:\/\/api.w.org\/{rel}","templated":true}]}}