{"id":6749,"date":"2025-09-12T15:39:39","date_gmt":"2025-09-12T13:39:39","guid":{"rendered":"https:\/\/www.dustyroadblues.se\/?page_id=6749"},"modified":"2025-09-24T22:34:25","modified_gmt":"2025-09-24T20:34:25","slug":"the-black-flakes","status":"publish","type":"page","link":"https:\/\/www.dustyroadblues.se\/?page_id=6749","title":{"rendered":"THE BLACK FLAKES"},"content":{"rendered":"\n<figure class=\"wp-block-image size-large\"><a href=\"http:\/\/www.dustyroadblues.se\/wp-content\/uploads\/2025\/09\/The-Black-Flakes-.png\"><img loading=\"lazy\" decoding=\"async\" width=\"1024\" height=\"830\" src=\"http:\/\/www.dustyroadblues.se\/wp-content\/uploads\/2025\/09\/The-Black-Flakes--1024x830.png\" alt=\"\" class=\"wp-image-6750\" srcset=\"https:\/\/www.dustyroadblues.se\/wp-content\/uploads\/2025\/09\/The-Black-Flakes--1024x830.png 1024w, https:\/\/www.dustyroadblues.se\/wp-content\/uploads\/2025\/09\/The-Black-Flakes--300x243.png 300w, https:\/\/www.dustyroadblues.se\/wp-content\/uploads\/2025\/09\/The-Black-Flakes--768x623.png 768w, https:\/\/www.dustyroadblues.se\/wp-content\/uploads\/2025\/09\/The-Black-Flakes--1536x1245.png 1536w, https:\/\/www.dustyroadblues.se\/wp-content\/uploads\/2025\/09\/The-Black-Flakes-.png 2048w\" sizes=\"auto, (max-width: 1024px) 100vw, 1024px\" \/><\/a><\/figure>\n\n\n\n<h1 class=\"wp-block-heading\"><strong>The Black Flakes Grabbarna fr\u00e5n Stockholm som st\u00e4ller sk\u00e5p. H\u00e4r har ni n\u00e4sta generations musiker, kom f\u00e5r du se! De skapar en k\u00e4nsla p\u00e5 scen som vi bara l\u00e4ngtar till att f\u00e5 uppleva<\/strong><\/h1>\n\n\n\n<h2 class=\"wp-block-heading\"><strong>Denna spelningen er p\u00e5 Festerian 10an i Hjo<\/strong> <strong>l\u00f6rdag 27 september.<\/strong><\/h2>\n\n\n\n<h2 class=\"wp-block-heading\"><strong>Entr\u00e8 kr 200, F\u00f6rk\u00f6p av biljetter h\u00e4r: <a href=\"https:\/\/easytic.se\/event\/the-black-flakes-the-bluetonics-10an-hjo\/?fbclid=IwdGRjcAMyBcFjbGNrAzIFs2V4dG4DYWVtAjExAAEe13MpOMRrkx0_TRqQqA6elk1UWMmtwHAbXXhR6_4cERTEQQ3fiM5YnHUv3yo_aem_ptf3pWIKEoY3x0jDBrFn8A#ticket-section\">EasyTic<\/a><\/strong><\/h2>\n\n\n\n<h2 class=\"wp-block-heading\"><strong>Det g\u00e5r ocks\u00e5 bra att betala p\u00e5 plats n\u00e4r ni kommer fram.<\/strong><\/h2>\n\n\n\n<h2 class=\"wp-block-heading\"><strong>Festerian 10an har \u00f6ppet 17:00-23:00, k\u00f6k och bar \u00f6ppet hela kv\u00e4llen!<\/strong><\/h2>\n\n\n\n<h2 class=\"wp-block-heading\"><strong>Bandet spelar kl 20.00-22.00<\/strong><\/h2>\n\n\n\n<h2 class=\"wp-block-heading\"><strong>Medlemar i Dusty Road Blues &#8211; Visa medlemskortet i kassan vid matbest\u00e4llning!<\/strong><\/h2>\n\n\n\n<h2 class=\"wp-block-heading\">Bandet har under 2024 spelat flera uts\u00e5lda spelningar p\u00e5 Stampen i Stockholm, samt p\u00e5 Hedemora Bluesjam och \u00e4ven House of Blues i Borl\u00e4nge. Resterande tid under \u00e5ret har \u00e4gnats \u00e5t att f\u00e4rdigst\u00e4lla bandets f\u00f6rsta EP, som sl\u00e4pps i mars 2025. Nu \u00e4r bandet redo att sprida sin musik \u00f6ver Sverige genom en kommande turn\u00e9. <\/h2>\n\n\n\n<h2 class=\"wp-block-heading\">Spelningen i Hedemora blev en succ\u00e9, med flera \u00e5h\u00f6rare som beskrev The Black Flakes som &#8221;n\u00e5got av det b\u00e4sta de har sett&#8221;. Dessutom gav Stadshotellet i Hedemora recessionen &#8221;Topp 3 b\u00e4sta bandet under v\u00e5r tid h\u00e4r&#8221;. <\/h2>\n\n\n\n<h2 class=\"wp-block-heading\">The Black Flakes h\u00e4mtar inspiration fr\u00e5n de rika ljuden p\u00e5 70-talet och blandar bluesrock och soul f\u00f6r att skapa en unik musikalisk upplevelse. Deras m\u00e5l \u00e4r att f\u00e5nga det klassiska rock &#8217;n&#8217; roll-soundet, inspirerat av ikoniska band som The Rolling Stones, The Black Crowes, Faces, men \u00e4ven de klassiska bluesgubbarna s\u00e5som BB King, Freddie King mm. <\/h2>\n\n\n\n<h2 class=\"wp-block-heading\">L\u00e5t oss presentera medlemmarna i The Black Flakes: <\/h2>\n\n\n\n<h1 class=\"wp-block-heading\">Daniel Schenk: Gitarr &#8211; Linus Hasselkvist: Bas &#8211; Charlie Westman: Trummor &#8211; Wilmer Karlsten: S\u00e5ng<\/h1>\n\n\n\n<h2 class=\"wp-block-heading has-x-large-font-size\"><a href=\"https:\/\/www.youtube.com\/watch?v=x_2WHQfZwX0\">Se video<\/a><\/h2>\n<p><\/p>","protected":false},"excerpt":{"rendered":"<p>The Black Flakes Grabbarna fr\u00e5n Stockholm som st\u00e4ller sk\u00e5p. H\u00e4r har ni n\u00e4sta generations musiker, kom f\u00e5r du se! De skapar en k\u00e4nsla p\u00e5 scen som vi bara l\u00e4ngtar till att f\u00e5 uppleva Denna spelningen er p\u00e5 Festerian 10an i &hellip; <a href=\"https:\/\/www.dustyroadblues.se\/?page_id=6749\">L\u00e4s mer <span class=\"meta-nav\">&rarr;<\/span><\/a><\/p>\n","protected":false},"author":6,"featured_media":0,"parent":0,"menu_order":0,"comment_status":"closed","ping_status":"closed","template":"","meta":{"om_disable_all_campaigns":false,"_monsterinsights_skip_tracking":false,"_monsterinsights_sitenote_active":false,"_monsterinsights_sitenote_note":"","_monsterinsights_sitenote_category":0,"_uf_show_specific_survey":0,"_uf_disable_surveys":false,"footnotes":""},"class_list":["post-6749","page","type-page","status-publish","hentry"],"_links":{"self":[{"href":"https:\/\/www.dustyroadblues.se\/index.php?rest_route=\/wp\/v2\/pages\/6749","targetHints":{"allow":["GET"]}}],"collection":[{"href":"https:\/\/www.dustyroadblues.se\/index.php?rest_route=\/wp\/v2\/pages"}],"about":[{"href":"https:\/\/www.dustyroadblues.se\/index.php?rest_route=\/wp\/v2\/types\/page"}],"author":[{"embeddable":true,"href":"https:\/\/www.dustyroadblues.se\/index.php?rest_route=\/wp\/v2\/users\/6"}],"replies":[{"embeddable":true,"href":"https:\/\/www.dustyroadblues.se\/index.php?rest_route=%2Fwp%2Fv2%2Fcomments&post=6749"}],"version-history":[{"count":10,"href":"https:\/\/www.dustyroadblues.se\/index.php?rest_route=\/wp\/v2\/pages\/6749\/revisions"}],"predecessor-version":[{"id":6795,"href":"https:\/\/www.dustyroadblues.se\/index.php?rest_route=\/wp\/v2\/pages\/6749\/revisions\/6795"}],"wp:attachment":[{"href":"https:\/\/www.dustyroadblues.se\/index.php?rest_route=%2Fwp%2Fv2%2Fmedia&parent=6749"}],"curies":[{"name":"wp","href":"https:\/\/api.w.org\/{rel}","templated":true}]}}